the prime factors of 449312406?
2, 3, 23, 89, 36583
List the prime factors of 357980571.
3, 13, 647, 4729
List the prime factors of 418155366.
2, 3, 61, 601, 1901
What are the prime factors of 1160411691?
3, 167, 653, 3547
What are the prime factors of 21683607?
3, 11, 657079
List the prime factors of 73033556.
2, 23, 793843
What are the prime factors of 40672482?
2, 3, 61, 111127
What are the prime factors of 1924770356?
2, 107, 419, 10733
What are the prime factors of 1140663786?
2, 3, 29, 31, 211469
List the prime factors of 78972215.
5, 7, 2256349
What are the prime factors of 332272524?
2, 3, 43, 587, 1097
What are the prime factors of 56250000?
2, 3, 5
List the prime factors of 8944839.
3, 17, 19, 181
What are the prime factors of 616778593?
11579, 53267
List the prime factors of 437288117.
7, 59, 1058809
What are the prime factors of 1254311020?
2, 5, 67, 936053
What are the prime factors of 2601928339?
1879, 1384741
List the prime factors of 3799542464.
2, 2333, 25447
What are the prime factors of 462639239?
462639239
List the prime factors of 392414940.
2, 3, 5, 2180083
What are the prime factors of 3121715679?
3, 269, 3868297
List the prime factors of 1012637097.
3, 6571, 17123
List the prime factors of 1329581993.
631, 2107103
What are the prime factors of 3351919969?
53, 457, 138389
What are the prime factors of 282352050?
2, 3, 5, 627449
List the prime factors of 148324749.
3, 37, 733, 1823
What are the prime factors of 250728557?
211, 1188287
What are the prime factors of 39854844?
2, 3, 227, 4877
List the prime factors of 29013228.
2, 3, 19, 1571
List the prime factors of 33717391.
367, 91873
List the prime factors of 1171417977.
3, 157, 276343
What are the prime factors of 105622552?
2, 7, 67, 28151
List the prime factors of 32241057.
3, 773, 13903
List the prime factors of 324225035.
5, 47, 1379681
List the prime factors of 14119921.
14119921
What are the prime factors of 772625688?
2, 3, 79, 407503
List the prime factors of 676930361.
17, 163, 244291
What are the prime factors of 19384978?
2, 19, 26849
List the prime factors of 388834839.
3, 59, 431, 1699
What are the prime factors of 501803015?
5, 7, 19, 617, 1223
List the prime factors of 1435207520.
2, 5, 8970047
What are the prime factors of 1294514102?
2, 7, 67, 1069, 1291
List the prime factors of 61009189.
37, 41, 131, 307
What are the prime factors of 684153436?
2, 277, 617467
What are the prime factors of 749039603?
13, 19, 479, 487
List the prime factors of 664522830.
2, 3, 5, 7383587
What are the prime factors of 8928244?
2, 13, 171697
List the prime factors of 7007393408.
2, 54745261
What are the prime factors of 70446170?
2, 5, 89, 79153
What are the prime factors of 33960839?
11, 3087349
List the prime factors of 296574116.
2, 19, 3902291
List the prime factors of 50226855.
3, 5, 7, 478351
List the prime factors of 472298832.
2, 3, 197, 16649
What are the prime factors of 481423461?
3, 29, 109, 50767
What are the prime factors of 1320291677?
1320291677
What are the prime factors of 8333527563?
3, 308649169
What are the prime factors of 46139376?
2, 3, 271, 3547
List the prime factors of 215284032.
2, 3, 373757
List the prime factors of 23155935.
3, 5, 11, 140339
What are the prime factors of 483797545?
5, 7, 11, 1256617
List the prime factors of 871874613.
3, 8191, 11827
What are the prime factors of 8750860?
2, 5, 437543
List the prime factors of 6709658934.
2, 3, 11, 727, 139837
List the prime factors of 92886670.
2, 5, 101, 91967
What are the prime factors of 585637007?
349, 1171, 1433
List the prime factors of 505934140.
2, 5, 25296707
List the prime factors of 269166844.
2, 19, 3541669
List the prime factors of 27735512.
2, 7, 495277
What are the prime factors of 866918587?
17, 79, 8171
What are the prime factors of 531344895?
3, 5, 35422993
List the prime factors of 444673725.
3, 5, 5928983
What are the prime factors of 5857337306?
2, 47, 439, 141941
List the prime factors of 3767021.
3767021
List the prime factors of 148468817.
7, 47, 593, 761
What are the prime factors of 8933785146?
2, 3, 11, 13, 266983
List the prime factors of 332480758.
2, 166240379
What are the prime factors of 2305474333?
443, 5204231
What are the prime factors of 708924836?
2, 29, 1607, 3803
What are the prime factors of 28471130?
2, 5, 37, 76949
What are the prime factors of 306577658?
2, 1303, 117643
What are the prime factors of 990494714?
2, 11, 59, 763093
What are the prime factors of 179216527?
7, 25602361
What are the prime factors of 184004630?
2, 5, 373, 49331
What are the prime factors of 45815546?
2, 7, 37, 241, 367
List the prime factors of 1694510814.
2, 3, 337, 838037
List the prime factors of 31061362.
2, 23, 675247
What are the prime factors of 49910368?
2, 17, 23, 3989
List the prime factors of 2230388122.
2, 491, 2271271
List the prime factors of 254891141.
317, 804073
List the prime factors of 40827952.
2, 11, 229, 1013
What are the prime factors of 310343840?
2, 5, 17, 71, 1607
What are the prime factors of 1262434800?
2, 3, 5, 11, 59, 1621
What are the prime factors of 9093542?
2, 4546771
What are the prime factors of 31955973?
3, 7, 239, 6367
What are the prime factors of 504781087?
504781087
What are the prime factors of 49587378?
2, 3, 19, 434977
What are the prime factors of 1784068242?
2, 3, 11, 101, 267637
List the prime factors of 593802477.
3, 23, 599, 4789
What are the prime factors of 551506395?
3, 5, 11, 1039, 3217
What are the prime factors of 235202280?
2, 3, 5, 1960019
What are the prime factors of 23964341?
83, 179, 1613
List the prime factors of 46703593.
23, 2030591
List the prime factors of 1672196408.
2, 59, 227, 15607
What are the prime factors of 774720935?
5, 29, 5342903
What are the prime factors of 281349473?
17, 19, 43, 47, 431
What are the prime factors of 927846542?
2, 7, 23, 83, 149, 233
What are the prime factors of 87739013?
3803, 23071
List the prime factors of 18242458.
2, 13, 41, 109, 157
What are the prime factors of 136221017?
17, 471353
List the prime factors of 1244381840.
2, 5, 13, 1196521
List the prime factors of 86325069.
3, 5167, 5569
List the prime factors of 51998591.
47, 599, 1847
What are the prime factors of 4897297619?
4897297619
What are the prime factors of 285711363?
3, 7, 1423, 3187
List the prime factors of 121138464.
2, 3, 17, 199, 373
List the prime factors of 9442554.
2, 3, 11, 79, 1811
What are the prime factors of 18894762?
2, 3, 349903
List the prime factors of 282994860.
2, 3, 5, 61, 167, 463
What are the prime factors of 17361447?
3, 5787149
List the prime factors of 277534946.
2, 13, 10674421
What are the prime factors of 177651310?
2, 5, 23, 103, 7499
What are the prime factors of 275626936?
2, 13, 2650259
What are the prime factors of 1615369851?
3, 653, 91621
What are the prime factors of 2422242492?
2, 3, 73, 2765117
List the prime factors of 50489518.
2, 281, 89839
What are the prime factors of 132572390?
2, 5, 1283, 10333
List the prime factors of 168012379.
2111, 79589
List the prime factors of 2974874478.
2, 3, 495812413
List the prime factors of 110754260.
2, 5, 5537713
List the prime factors of 78384676.
2, 19596169
List the prime factors of 165892057.
1171, 141667
What are the prime factors of 356542700?
2, 5, 17, 131, 1601
List the prime factors of 93462548.
2, 23365637
What are the prime factors of 222418909?
222418909
List the prime factors of 95441344.
2, 1491271
List the prime factors of 15906717.
3, 311, 5683
What are the prime factors of 3225604118?
2, 11, 146618369
List the prime factors of 149399898.
2, 3, 53, 469811
What are the prime factors of 690100965?
3, 5, 29, 58757
List the prime factors of 227483882.
2, 113741941
What are the prime factors of 70074195?
3, 5, 4671613
What are the prime factors of 98647707?
3, 32882569
List the prime factors of 317517425.
5, 491, 25867
List the prime factors of 339800648.
2, 11, 743, 5197
What are the prime factors of 3510474363?
3, 11, 11819779
List the prime factors of 5213077940.
2, 5, 7, 1759, 21169
List the prime factors of 52057070.
2, 5, 13, 30803
What are the prime factors of 744624346?
2, 372312173
List the prime factors of 2894741459.
29, 797, 125243
List the prime factors of 1616811001.
13, 167, 57287
List the prime factors